{"id":323,"date":"2023-05-14T17:16:38","date_gmt":"2023-05-14T15:16:38","guid":{"rendered":"https:\/\/centremamgabon.org\/?page_id=323"},"modified":"2024-04-17T19:38:18","modified_gmt":"2024-04-17T17:38:18","slug":"quelles-sont-les-demarches-apres-le-diagnostic","status":"publish","type":"page","link":"https:\/\/centremamgabon.org\/?page_id=323","title":{"rendered":"Quelles sont les d\u00e9marches \u00e0 entreprendre apr\u00e8s le diagnostic ?"},"content":{"rendered":"\t\t<div data-elementor-type=\"wp-page\" data-elementor-id=\"323\" class=\"elementor elementor-323\">\n\t\t\t\t\t\t\t\t\t<section class=\"elementor-section elementor-top-section elementor-element elementor-element-b86c0d4 elementor-section-full_width elementor-section-stretched elementor-section-height-default elementor-section-height-default\" data-id=\"b86c0d4\" data-element_type=\"section\" data-settings=\"{&quot;stretch_section&quot;:&quot;section-stretched&quot;,&quot;background_background&quot;:&quot;classic&quot;}\">\n\t\t\t\t\t\t<div class=\"elementor-container elementor-column-gap-default\">\n\t\t\t\t\t<div class=\"elementor-column elementor-col-100 elementor-top-column elementor-element elementor-element-be3264f\" data-id=\"be3264f\" data-element_type=\"column\">\n\t\t\t<div class=\"elementor-widget-wrap elementor-element-populated\">\n\t\t\t\t\t\t\t\t<div class=\"elementor-element elementor-element-ca2a885 elementor-widget elementor-widget-spacer\" data-id=\"ca2a885\" data-element_type=\"widget\" data-widget_type=\"spacer.default\">\n\t\t\t\t<div class=\"elementor-widget-container\">\n\t\t\t<style>\/*! elementor - v3.13.3 - 28-05-2023 *\/\n.elementor-column .elementor-spacer-inner{height:var(--spacer-size)}.e-con{--container-widget-width:100%}.e-con-inner>.elementor-widget-spacer,.e-con>.elementor-widget-spacer{width:var(--container-widget-width,var(--spacer-size));--align-self:var(--container-widget-align-self,initial);--flex-shrink:0}.e-con-inner>.elementor-widget-spacer>.elementor-widget-container,.e-con-inner>.elementor-widget-spacer>.elementor-widget-container>.elementor-spacer,.e-con>.elementor-widget-spacer>.elementor-widget-container,.e-con>.elementor-widget-spacer>.elementor-widget-container>.elementor-spacer{height:100%}.e-con-inner>.elementor-widget-spacer>.elementor-widget-container>.elementor-spacer>.elementor-spacer-inner,.e-con>.elementor-widget-spacer>.elementor-widget-container>.elementor-spacer>.elementor-spacer-inner{height:var(--container-widget-height,var(--spacer-size))}<\/style>\t\t<div class=\"elementor-spacer\">\n\t\t\t<div class=\"elementor-spacer-inner\"><\/div>\n\t\t<\/div>\n\t\t\t\t<\/div>\n\t\t\t\t<\/div>\n\t\t\t\t\t<\/div>\n\t\t<\/div>\n\t\t\t\t\t\t\t<\/div>\n\t\t<\/section>\n\t\t\t\t<section class=\"elementor-section elementor-top-section elementor-element elementor-element-3a1d0c8 elementor-section-full_width elementor-section-height-default elementor-section-height-default\" data-id=\"3a1d0c8\" data-element_type=\"section\">\n\t\t\t\t\t\t<div class=\"elementor-container elementor-column-gap-default\">\n\t\t\t\t\t<div class=\"elementor-column elementor-col-50 elementor-top-column elementor-element elementor-element-67fde0d\" data-id=\"67fde0d\" data-element_type=\"column\">\n\t\t\t<div class=\"elementor-widget-wrap elementor-element-populated\">\n\t\t\t\t\t\t\t\t<div class=\"elementor-element elementor-element-f89da11 elementor-invisible elementor-widget elementor-widget-heading\" data-id=\"f89da11\" data-element_type=\"widget\" data-settings=\"{&quot;_animation&quot;:&quot;fadeInUp&quot;,&quot;_animation_delay&quot;:200}\" data-widget_type=\"heading.default\">\n\t\t\t\t<div class=\"elementor-widget-container\">\n\t\t\t<style>\/*! elementor - v3.13.3 - 28-05-2023 *\/\n.elementor-heading-title{padding:0;margin:0;line-height:1}.elementor-widget-heading .elementor-heading-title[class*=elementor-size-]>a{color:inherit;font-size:inherit;line-height:inherit}.elementor-widget-heading .elementor-heading-title.elementor-size-small{font-size:15px}.elementor-widget-heading .elementor-heading-title.elementor-size-medium{font-size:19px}.elementor-widget-heading .elementor-heading-title.elementor-size-large{font-size:29px}.elementor-widget-heading .elementor-heading-title.elementor-size-xl{font-size:39px}.elementor-widget-heading .elementor-heading-title.elementor-size-xxl{font-size:59px}<\/style><h1 class=\"elementor-heading-title elementor-size-default\">Prise en charge<\/h1>\t\t<\/div>\n\t\t\t\t<\/div>\n\t\t\t\t<div class=\"elementor-element elementor-element-7e88fc1 elementor-widget__width-initial elementor-widget elementor-widget-text-editor\" data-id=\"7e88fc1\" data-element_type=\"widget\" data-settings=\"{&quot;_animation&quot;:&quot;none&quot;,&quot;_animation_delay&quot;:1000}\" data-widget_type=\"text-editor.default\">\n\t\t\t\t<div class=\"elementor-widget-container\">\n\t\t\t<style>\/*! elementor - v3.13.3 - 28-05-2023 *\/\n.elementor-widget-text-editor.elementor-drop-cap-view-stacked .elementor-drop-cap{background-color:#69727d;color:#fff}.elementor-widget-text-editor.elementor-drop-cap-view-framed .elementor-drop-cap{color:#69727d;border:3px solid;background-color:transparent}.elementor-widget-text-editor:not(.elementor-drop-cap-view-default) .elementor-drop-cap{margin-top:8px}.elementor-widget-text-editor:not(.elementor-drop-cap-view-default) .elementor-drop-cap-letter{width:1em;height:1em}.elementor-widget-text-editor .elementor-drop-cap{float:left;text-align:center;line-height:1;font-size:50px}.elementor-widget-text-editor .elementor-drop-cap-letter{display:inline-block}<\/style>\t\t\t\t<p>L\u2019\u00e9laboration avec les parents et l\u2019enfant (lorsqu\u2019il est suffisamment grand) d\u2019un<strong><span style=\"color: #ff6600;\"> projet personnalis\u00e9<\/span> <\/strong>d\u2019interventions \u00e9ducatives et th\u00e9rapeutiques a lieu apr\u00e8s le temps d\u2019annonce. Cette p\u00e9riode de transition entre la fin de la d\u00e9marche diagnostique et la mise en \u0153uvre effective du projet d\u2019interventions n\u00e9cessite que les parents soient accompagn\u00e9s.<\/p><p>L\u2019objectif est de mettre en place un <strong><span style=\"color: #ff6600;\">accompagnement pluridisciplinaire<\/span><\/strong> (orthophonie, psychomotricit\u00e9, accompagnement \u00e9ducatif, psychoth\u00e9rapie, ergoth\u00e9rapie) adapt\u00e9 pour favoriser le d\u00e9veloppement, l&rsquo; \u00e9ducation et la socialisation de l&rsquo;enfant.<\/p>\t\t\t\t\t\t<\/div>\n\t\t\t\t<\/div>\n\t\t\t\t<div class=\"elementor-element elementor-element-f6e1e46 elementor-widget elementor-widget-image\" data-id=\"f6e1e46\" data-element_type=\"widget\" data-widget_type=\"image.default\">\n\t\t\t\t<div class=\"elementor-widget-container\">\n\t\t\t<style>\/*! elementor - v3.13.3 - 28-05-2023 *\/\n.elementor-widget-image{text-align:center}.elementor-widget-image a{display:inline-block}.elementor-widget-image a img[src$=\".svg\"]{width:48px}.elementor-widget-image img{vertical-align:middle;display:inline-block}<\/style>\t\t\t\t\t\t\t\t\t\t\t\t<img loading=\"lazy\" decoding=\"async\" width=\"960\" height=\"420\" src=\"https:\/\/centremamgabon.org\/wp-content\/uploads\/2023\/05\/ecole-lecons-devoirs-accompagner-son-enfant.jpeg\" class=\"attachment-large size-large wp-image-2388\" alt=\"\" srcset=\"https:\/\/centremamgabon.org\/wp-content\/uploads\/2023\/05\/ecole-lecons-devoirs-accompagner-son-enfant.jpeg 960w, https:\/\/centremamgabon.org\/wp-content\/uploads\/2023\/05\/ecole-lecons-devoirs-accompagner-son-enfant-300x131.jpeg 300w, https:\/\/centremamgabon.org\/wp-content\/uploads\/2023\/05\/ecole-lecons-devoirs-accompagner-son-enfant-768x336.jpeg 768w\" sizes=\"(max-width: 960px) 100vw, 960px\" \/>\t\t\t\t\t\t\t\t\t\t\t\t\t\t\t<\/div>\n\t\t\t\t<\/div>\n\t\t\t\t\t<\/div>\n\t\t<\/div>\n\t\t\t\t<div class=\"elementor-column elementor-col-50 elementor-top-column elementor-element elementor-element-d790433\" data-id=\"d790433\" data-element_type=\"column\">\n\t\t\t<div class=\"elementor-widget-wrap elementor-element-populated\">\n\t\t\t\t\t\t\t\t<div class=\"elementor-element elementor-element-24c7437 elementor-widget elementor-widget-image\" data-id=\"24c7437\" data-element_type=\"widget\" data-widget_type=\"image.default\">\n\t\t\t\t<div class=\"elementor-widget-container\">\n\t\t\t\t\t\t\t\t\t\t\t\t\t\t\t<img loading=\"lazy\" decoding=\"async\" width=\"567\" height=\"612\" src=\"https:\/\/centremamgabon.org\/wp-content\/uploads\/2023\/05\/istockphoto-690073608-612x612-1.jpeg\" class=\"attachment-large size-large wp-image-2385\" alt=\"\" srcset=\"https:\/\/centremamgabon.org\/wp-content\/uploads\/2023\/05\/istockphoto-690073608-612x612-1.jpeg 567w, https:\/\/centremamgabon.org\/wp-content\/uploads\/2023\/05\/istockphoto-690073608-612x612-1-278x300.jpeg 278w\" sizes=\"(max-width: 567px) 100vw, 567px\" \/>\t\t\t\t\t\t\t\t\t\t\t\t\t\t\t<\/div>\n\t\t\t\t<\/div>\n\t\t\t\t<div class=\"elementor-element elementor-element-b54e577 elementor-widget elementor-widget-text-editor\" data-id=\"b54e577\" data-element_type=\"widget\" data-widget_type=\"text-editor.default\">\n\t\t\t\t<div class=\"elementor-widget-container\">\n\t\t\t\t\t\t\t\t\t\t\t\t\t<\/div>\n\t\t\t\t<\/div>\n\t\t\t\t<div class=\"elementor-element elementor-element-c214a78 elementor-widget__width-initial elementor-widget elementor-widget-text-editor\" data-id=\"c214a78\" data-element_type=\"widget\" data-settings=\"{&quot;_animation&quot;:&quot;none&quot;,&quot;_animation_delay&quot;:1000}\" data-widget_type=\"text-editor.default\">\n\t\t\t\t<div class=\"elementor-widget-container\">\n\t\t\t\t\t\t\t<p>L\u2019enfant re\u00e7oit des soins psycho-\u00e9ducatifs qui l\u2019aident \u00e0 d\u00e9velopper son langage, ses comp\u00e9tences cognitives, sensorielles et motrices, \u00e0 adapter son comportement, \u00e0 g\u00e9rer ses \u00e9motions\u2026 Cela se fait \u00e0 la maison, dans le lieu habituel de vie et avec la famille. L\u2019objectif est de lui donner (ainsi qu\u2019\u00e0 son entourage) les outils pour interagir avec les autres et \u00e0 acqu\u00e9rir de l\u2019autonomie. Une fois les soins mis en route, le d\u00e9veloppement de l\u2019enfant est r\u00e9guli\u00e8rement \u00e9valu\u00e9 (au moins une fois par an), de mani\u00e8re \u00e0 pouvoir ajuster sa prise en charge.<\/p><p>En tant que parents, vous pouvez pr\u00e9tendre \u00e0 des <strong><span style=\"color: #ff6600;\">aides financi\u00e8res<\/span><\/strong> et\/ou humaines pour compenser les d\u00e9penses li\u00e9es \u00e0 l&rsquo; handicap de votre enfant.<\/p>\t\t\t\t\t\t<\/div>\n\t\t\t\t<\/div>\n\t\t\t\t\t<\/div>\n\t\t<\/div>\n\t\t\t\t\t\t\t<\/div>\n\t\t<\/section>\n\t\t\t\t\t\t\t<\/div>\n\t\t","protected":false},"excerpt":{"rendered":"<p>Prise en charge L\u2019\u00e9laboration avec les parents et l\u2019enfant (lorsqu\u2019il est suffisamment grand) d\u2019un projet personnalis\u00e9 d\u2019interventions \u00e9ducatives et th\u00e9rapeutiques a lieu apr\u00e8s le temps d\u2019annonce. Cette p\u00e9riode de transition entre la fin de la d\u00e9marche diagnostique et la mise en \u0153uvre effective du projet d\u2019interventions n\u00e9cessite que les parents soient accompagn\u00e9s. L\u2019objectif est de [&hellip;]<\/p>\n","protected":false},"author":1,"featured_media":0,"parent":0,"menu_order":0,"comment_status":"closed","ping_status":"closed","template":"","meta":{"footnotes":""},"yoast_head":"<!-- This site is optimized with the Yoast SEO plugin v20.7 - https:\/\/yoast.com\/wordpress\/plugins\/seo\/ -->\n<title>Quelles sont les d\u00e9marches \u00e0 entreprendre apr\u00e8s le diagnostic ? - Centre de R\u00e9\u00e9ducation Mot \u00e0 Mot<\/title>\n<meta name=\"robots\" content=\"index, follow, max-snippet:-1, max-image-preview:large, max-video-preview:-1\" \/>\n<link rel=\"canonical\" href=\"https:\/\/centremamgabon.org\/?page_id=323\" \/>\n<meta property=\"og:locale\" content=\"fr_FR\" \/>\n<meta property=\"og:type\" content=\"article\" \/>\n<meta property=\"og:title\" content=\"Quelles sont les d\u00e9marches \u00e0 entreprendre apr\u00e8s le diagnostic ? - Centre de R\u00e9\u00e9ducation Mot \u00e0 Mot\" \/>\n<meta property=\"og:description\" content=\"Prise en charge L\u2019\u00e9laboration avec les parents et l\u2019enfant (lorsqu\u2019il est suffisamment grand) d\u2019un projet personnalis\u00e9 d\u2019interventions \u00e9ducatives et th\u00e9rapeutiques a lieu apr\u00e8s le temps d\u2019annonce. Cette p\u00e9riode de transition entre la fin de la d\u00e9marche diagnostique et la mise en \u0153uvre effective du projet d\u2019interventions n\u00e9cessite que les parents soient accompagn\u00e9s. L\u2019objectif est de [&hellip;]\" \/>\n<meta property=\"og:url\" content=\"https:\/\/centremamgabon.org\/?page_id=323\" \/>\n<meta property=\"og:site_name\" content=\"Centre de R\u00e9\u00e9ducation Mot \u00e0 Mot\" \/>\n<meta property=\"article:modified_time\" content=\"2024-04-17T17:38:18+00:00\" \/>\n<meta property=\"og:image\" content=\"https:\/\/centremamgabon.org\/wp-content\/uploads\/2023\/05\/ecole-lecons-devoirs-accompagner-son-enfant.jpeg\" \/>\n<meta name=\"twitter:card\" content=\"summary_large_image\" \/>\n<meta name=\"twitter:label1\" content=\"Dur\u00e9e de lecture estim\u00e9e\" \/>\n\t<meta name=\"twitter:data1\" content=\"2 minutes\" \/>\n<script type=\"application\/ld+json\" class=\"yoast-schema-graph\">{\"@context\":\"https:\/\/schema.org\",\"@graph\":[{\"@type\":\"WebPage\",\"@id\":\"https:\/\/centremamgabon.org\/?page_id=323\",\"url\":\"https:\/\/centremamgabon.org\/?page_id=323\",\"name\":\"Quelles sont les d\u00e9marches \u00e0 entreprendre apr\u00e8s le diagnostic ? - Centre de R\u00e9\u00e9ducation Mot \u00e0 Mot\",\"isPartOf\":{\"@id\":\"https:\/\/centremamgabon.org\/#website\"},\"datePublished\":\"2023-05-14T15:16:38+00:00\",\"dateModified\":\"2024-04-17T17:38:18+00:00\",\"breadcrumb\":{\"@id\":\"https:\/\/centremamgabon.org\/?page_id=323#breadcrumb\"},\"inLanguage\":\"fr-FR\",\"potentialAction\":[{\"@type\":\"ReadAction\",\"target\":[\"https:\/\/centremamgabon.org\/?page_id=323\"]}]},{\"@type\":\"BreadcrumbList\",\"@id\":\"https:\/\/centremamgabon.org\/?page_id=323#breadcrumb\",\"itemListElement\":[{\"@type\":\"ListItem\",\"position\":1,\"name\":\"Accueil\",\"item\":\"https:\/\/centremamgabon.org\/\"},{\"@type\":\"ListItem\",\"position\":2,\"name\":\"Quelles sont les d\u00e9marches \u00e0 entreprendre apr\u00e8s le diagnostic ?\"}]},{\"@type\":\"WebSite\",\"@id\":\"https:\/\/centremamgabon.org\/#website\",\"url\":\"https:\/\/centremamgabon.org\/\",\"name\":\"Centre de R\u00e9\u00e9ducation Mot \u00e0 Mot\",\"description\":\"Tous unis contre l&#039;handicap chez l&#039;enfant\",\"publisher\":{\"@id\":\"https:\/\/centremamgabon.org\/#organization\"},\"potentialAction\":[{\"@type\":\"SearchAction\",\"target\":{\"@type\":\"EntryPoint\",\"urlTemplate\":\"https:\/\/centremamgabon.org\/?s={search_term_string}\"},\"query-input\":\"required name=search_term_string\"}],\"inLanguage\":\"fr-FR\"},{\"@type\":\"Organization\",\"@id\":\"https:\/\/centremamgabon.org\/#organization\",\"name\":\"Centre de R\u00e9\u00e9ducation Mot \u00e0 Mot\",\"url\":\"https:\/\/centremamgabon.org\/\",\"logo\":{\"@type\":\"ImageObject\",\"inLanguage\":\"fr-FR\",\"@id\":\"https:\/\/centremamgabon.org\/#\/schema\/logo\/image\/\",\"url\":\"https:\/\/centremamgabon.org\/wp-content\/uploads\/2023\/05\/cropped-Logo-texte-Mot-a-Mot.png\",\"contentUrl\":\"https:\/\/centremamgabon.org\/wp-content\/uploads\/2023\/05\/cropped-Logo-texte-Mot-a-Mot.png\",\"width\":318,\"height\":102,\"caption\":\"Centre de R\u00e9\u00e9ducation Mot \u00e0 Mot\"},\"image\":{\"@id\":\"https:\/\/centremamgabon.org\/#\/schema\/logo\/image\/\"}}]}<\/script>\n<!-- \/ Yoast SEO plugin. -->","yoast_head_json":{"title":"Quelles sont les d\u00e9marches \u00e0 entreprendre apr\u00e8s le diagnostic ? - Centre de R\u00e9\u00e9ducation Mot \u00e0 Mot","robots":{"index":"index","follow":"follow","max-snippet":"max-snippet:-1","max-image-preview":"max-image-preview:large","max-video-preview":"max-video-preview:-1"},"canonical":"https:\/\/centremamgabon.org\/?page_id=323","og_locale":"fr_FR","og_type":"article","og_title":"Quelles sont les d\u00e9marches \u00e0 entreprendre apr\u00e8s le diagnostic ? - Centre de R\u00e9\u00e9ducation Mot \u00e0 Mot","og_description":"Prise en charge L\u2019\u00e9laboration avec les parents et l\u2019enfant (lorsqu\u2019il est suffisamment grand) d\u2019un projet personnalis\u00e9 d\u2019interventions \u00e9ducatives et th\u00e9rapeutiques a lieu apr\u00e8s le temps d\u2019annonce. Cette p\u00e9riode de transition entre la fin de la d\u00e9marche diagnostique et la mise en \u0153uvre effective du projet d\u2019interventions n\u00e9cessite que les parents soient accompagn\u00e9s. L\u2019objectif est de [&hellip;]","og_url":"https:\/\/centremamgabon.org\/?page_id=323","og_site_name":"Centre de R\u00e9\u00e9ducation Mot \u00e0 Mot","article_modified_time":"2024-04-17T17:38:18+00:00","og_image":[{"url":"https:\/\/centremamgabon.org\/wp-content\/uploads\/2023\/05\/ecole-lecons-devoirs-accompagner-son-enfant.jpeg"}],"twitter_card":"summary_large_image","twitter_misc":{"Dur\u00e9e de lecture estim\u00e9e":"2 minutes"},"schema":{"@context":"https:\/\/schema.org","@graph":[{"@type":"WebPage","@id":"https:\/\/centremamgabon.org\/?page_id=323","url":"https:\/\/centremamgabon.org\/?page_id=323","name":"Quelles sont les d\u00e9marches \u00e0 entreprendre apr\u00e8s le diagnostic ? - Centre de R\u00e9\u00e9ducation Mot \u00e0 Mot","isPartOf":{"@id":"https:\/\/centremamgabon.org\/#website"},"datePublished":"2023-05-14T15:16:38+00:00","dateModified":"2024-04-17T17:38:18+00:00","breadcrumb":{"@id":"https:\/\/centremamgabon.org\/?page_id=323#breadcrumb"},"inLanguage":"fr-FR","potentialAction":[{"@type":"ReadAction","target":["https:\/\/centremamgabon.org\/?page_id=323"]}]},{"@type":"BreadcrumbList","@id":"https:\/\/centremamgabon.org\/?page_id=323#breadcrumb","itemListElement":[{"@type":"ListItem","position":1,"name":"Accueil","item":"https:\/\/centremamgabon.org\/"},{"@type":"ListItem","position":2,"name":"Quelles sont les d\u00e9marches \u00e0 entreprendre apr\u00e8s le diagnostic ?"}]},{"@type":"WebSite","@id":"https:\/\/centremamgabon.org\/#website","url":"https:\/\/centremamgabon.org\/","name":"Centre de R\u00e9\u00e9ducation Mot \u00e0 Mot","description":"Tous unis contre l&#039;handicap chez l&#039;enfant","publisher":{"@id":"https:\/\/centremamgabon.org\/#organization"},"potentialAction":[{"@type":"SearchAction","target":{"@type":"EntryPoint","urlTemplate":"https:\/\/centremamgabon.org\/?s={search_term_string}"},"query-input":"required name=search_term_string"}],"inLanguage":"fr-FR"},{"@type":"Organization","@id":"https:\/\/centremamgabon.org\/#organization","name":"Centre de R\u00e9\u00e9ducation Mot \u00e0 Mot","url":"https:\/\/centremamgabon.org\/","logo":{"@type":"ImageObject","inLanguage":"fr-FR","@id":"https:\/\/centremamgabon.org\/#\/schema\/logo\/image\/","url":"https:\/\/centremamgabon.org\/wp-content\/uploads\/2023\/05\/cropped-Logo-texte-Mot-a-Mot.png","contentUrl":"https:\/\/centremamgabon.org\/wp-content\/uploads\/2023\/05\/cropped-Logo-texte-Mot-a-Mot.png","width":318,"height":102,"caption":"Centre de R\u00e9\u00e9ducation Mot \u00e0 Mot"},"image":{"@id":"https:\/\/centremamgabon.org\/#\/schema\/logo\/image\/"}}]}},"_links":{"self":[{"href":"https:\/\/centremamgabon.org\/index.php?rest_route=\/wp\/v2\/pages\/323"}],"collection":[{"href":"https:\/\/centremamgabon.org\/index.php?rest_route=\/wp\/v2\/pages"}],"about":[{"href":"https:\/\/centremamgabon.org\/index.php?rest_route=\/wp\/v2\/types\/page"}],"author":[{"embeddable":true,"href":"https:\/\/centremamgabon.org\/index.php?rest_route=\/wp\/v2\/users\/1"}],"replies":[{"embeddable":true,"href":"https:\/\/centremamgabon.org\/index.php?rest_route=%2Fwp%2Fv2%2Fcomments&post=323"}],"version-history":[{"count":53,"href":"https:\/\/centremamgabon.org\/index.php?rest_route=\/wp\/v2\/pages\/323\/revisions"}],"predecessor-version":[{"id":5260,"href":"https:\/\/centremamgabon.org\/index.php?rest_route=\/wp\/v2\/pages\/323\/revisions\/5260"}],"wp:attachment":[{"href":"https:\/\/centremamgabon.org\/index.php?rest_route=%2Fwp%2Fv2%2Fmedia&parent=323"}],"curies":[{"name":"wp","href":"https:\/\/api.w.org\/{rel}","templated":true}]}}