{"id":321,"date":"2023-05-14T17:14:55","date_gmt":"2023-05-14T15:14:55","guid":{"rendered":"https:\/\/centremamgabon.org\/?page_id=321"},"modified":"2024-04-17T19:37:58","modified_gmt":"2024-04-17T17:37:58","slug":"que-faire-si-mon-enfant-est-concerne","status":"publish","type":"page","link":"https:\/\/centremamgabon.org\/?page_id=321","title":{"rendered":"Que faire si mon enfant est concern\u00e9 ?"},"content":{"rendered":"\t\t<div data-elementor-type=\"wp-page\" data-elementor-id=\"321\" class=\"elementor elementor-321\">\n\t\t\t\t\t\t\t\t\t<section class=\"elementor-section elementor-top-section elementor-element elementor-element-bdf24c2 elementor-section-full_width elementor-section-stretched elementor-section-height-default elementor-section-height-default\" data-id=\"bdf24c2\" data-element_type=\"section\" data-settings=\"{&quot;stretch_section&quot;:&quot;section-stretched&quot;,&quot;background_background&quot;:&quot;classic&quot;}\">\n\t\t\t\t\t\t<div class=\"elementor-container elementor-column-gap-default\">\n\t\t\t\t\t<div class=\"elementor-column elementor-col-100 elementor-top-column elementor-element elementor-element-a99f69f\" data-id=\"a99f69f\" data-element_type=\"column\">\n\t\t\t<div class=\"elementor-widget-wrap elementor-element-populated\">\n\t\t\t\t\t\t\t\t<div class=\"elementor-element elementor-element-bf670f6 elementor-widget elementor-widget-spacer\" data-id=\"bf670f6\" data-element_type=\"widget\" data-widget_type=\"spacer.default\">\n\t\t\t\t<div class=\"elementor-widget-container\">\n\t\t\t<style>\/*! elementor - v3.13.3 - 28-05-2023 *\/\n.elementor-column .elementor-spacer-inner{height:var(--spacer-size)}.e-con{--container-widget-width:100%}.e-con-inner>.elementor-widget-spacer,.e-con>.elementor-widget-spacer{width:var(--container-widget-width,var(--spacer-size));--align-self:var(--container-widget-align-self,initial);--flex-shrink:0}.e-con-inner>.elementor-widget-spacer>.elementor-widget-container,.e-con-inner>.elementor-widget-spacer>.elementor-widget-container>.elementor-spacer,.e-con>.elementor-widget-spacer>.elementor-widget-container,.e-con>.elementor-widget-spacer>.elementor-widget-container>.elementor-spacer{height:100%}.e-con-inner>.elementor-widget-spacer>.elementor-widget-container>.elementor-spacer>.elementor-spacer-inner,.e-con>.elementor-widget-spacer>.elementor-widget-container>.elementor-spacer>.elementor-spacer-inner{height:var(--container-widget-height,var(--spacer-size))}<\/style>\t\t<div class=\"elementor-spacer\">\n\t\t\t<div class=\"elementor-spacer-inner\"><\/div>\n\t\t<\/div>\n\t\t\t\t<\/div>\n\t\t\t\t<\/div>\n\t\t\t\t\t<\/div>\n\t\t<\/div>\n\t\t\t\t\t\t\t<\/div>\n\t\t<\/section>\n\t\t\t\t<section class=\"elementor-section elementor-top-section elementor-element elementor-element-38c4bce elementor-section-boxed elementor-section-height-default elementor-section-height-default\" data-id=\"38c4bce\" data-element_type=\"section\">\n\t\t\t\t\t\t<div class=\"elementor-container elementor-column-gap-default\">\n\t\t\t\t\t<div class=\"elementor-column elementor-col-100 elementor-top-column elementor-element elementor-element-258f2e6\" data-id=\"258f2e6\" data-element_type=\"column\">\n\t\t\t<div class=\"elementor-widget-wrap elementor-element-populated\">\n\t\t\t\t\t\t\t\t<div class=\"elementor-element elementor-element-c5fe905 elementor-invisible elementor-widget elementor-widget-heading\" data-id=\"c5fe905\" data-element_type=\"widget\" data-settings=\"{&quot;_animation&quot;:&quot;fadeInUp&quot;,&quot;_animation_delay&quot;:200}\" data-widget_type=\"heading.default\">\n\t\t\t\t<div class=\"elementor-widget-container\">\n\t\t\t<style>\/*! elementor - v3.13.3 - 28-05-2023 *\/\n.elementor-heading-title{padding:0;margin:0;line-height:1}.elementor-widget-heading .elementor-heading-title[class*=elementor-size-]>a{color:inherit;font-size:inherit;line-height:inherit}.elementor-widget-heading .elementor-heading-title.elementor-size-small{font-size:15px}.elementor-widget-heading .elementor-heading-title.elementor-size-medium{font-size:19px}.elementor-widget-heading .elementor-heading-title.elementor-size-large{font-size:29px}.elementor-widget-heading .elementor-heading-title.elementor-size-xl{font-size:39px}.elementor-widget-heading .elementor-heading-title.elementor-size-xxl{font-size:59px}<\/style><h1 class=\"elementor-heading-title elementor-size-default\">R\u00f4le des parents<\/h1>\t\t<\/div>\n\t\t\t\t<\/div>\n\t\t\t\t\t<\/div>\n\t\t<\/div>\n\t\t\t\t\t\t\t<\/div>\n\t\t<\/section>\n\t\t\t\t<section class=\"elementor-section elementor-top-section elementor-element elementor-element-6d26b1b elementor-section-full_width elementor-section-height-default elementor-section-height-default\" data-id=\"6d26b1b\" data-element_type=\"section\">\n\t\t\t\t\t\t<div class=\"elementor-container elementor-column-gap-default\">\n\t\t\t\t\t<div class=\"elementor-column elementor-col-50 elementor-top-column elementor-element elementor-element-62bec66\" data-id=\"62bec66\" data-element_type=\"column\">\n\t\t\t<div class=\"elementor-widget-wrap elementor-element-populated\">\n\t\t\t\t\t\t\t\t<div class=\"elementor-element elementor-element-fec1d80 elementor-widget elementor-widget-image\" data-id=\"fec1d80\" data-element_type=\"widget\" data-widget_type=\"image.default\">\n\t\t\t\t<div class=\"elementor-widget-container\">\n\t\t\t<style>\/*! elementor - v3.13.3 - 28-05-2023 *\/\n.elementor-widget-image{text-align:center}.elementor-widget-image a{display:inline-block}.elementor-widget-image a img[src$=\".svg\"]{width:48px}.elementor-widget-image img{vertical-align:middle;display:inline-block}<\/style>\t\t\t\t\t\t\t\t\t\t\t\t<img loading=\"lazy\" decoding=\"async\" width=\"700\" height=\"394\" src=\"https:\/\/centremamgabon.org\/wp-content\/uploads\/2023\/05\/laep_entraide_protestante_p.jpeg\" class=\"attachment-large size-large wp-image-2376\" alt=\"\" srcset=\"https:\/\/centremamgabon.org\/wp-content\/uploads\/2023\/05\/laep_entraide_protestante_p.jpeg 700w, https:\/\/centremamgabon.org\/wp-content\/uploads\/2023\/05\/laep_entraide_protestante_p-300x169.jpeg 300w\" sizes=\"(max-width: 700px) 100vw, 700px\" \/>\t\t\t\t\t\t\t\t\t\t\t\t\t\t\t<\/div>\n\t\t\t\t<\/div>\n\t\t\t\t<div class=\"elementor-element elementor-element-94af864 elementor-widget elementor-widget-image\" data-id=\"94af864\" data-element_type=\"widget\" data-widget_type=\"image.default\">\n\t\t\t\t<div class=\"elementor-widget-container\">\n\t\t\t\t\t\t\t\t\t\t\t\t\t\t\t<img loading=\"lazy\" decoding=\"async\" width=\"960\" height=\"640\" src=\"https:\/\/centremamgabon.org\/wp-content\/uploads\/2023\/06\/21317463_321713068292904_5332074479595388432_n.jpeg\" class=\"attachment-large size-large wp-image-3578\" alt=\"\" srcset=\"https:\/\/centremamgabon.org\/wp-content\/uploads\/2023\/06\/21317463_321713068292904_5332074479595388432_n.jpeg 960w, https:\/\/centremamgabon.org\/wp-content\/uploads\/2023\/06\/21317463_321713068292904_5332074479595388432_n-300x200.jpeg 300w, https:\/\/centremamgabon.org\/wp-content\/uploads\/2023\/06\/21317463_321713068292904_5332074479595388432_n-768x512.jpeg 768w\" sizes=\"(max-width: 960px) 100vw, 960px\" \/>\t\t\t\t\t\t\t\t\t\t\t\t\t\t\t<\/div>\n\t\t\t\t<\/div>\n\t\t\t\t<div class=\"elementor-element elementor-element-b2e19e1 elementor-widget elementor-widget-image\" data-id=\"b2e19e1\" data-element_type=\"widget\" data-widget_type=\"image.default\">\n\t\t\t\t<div class=\"elementor-widget-container\">\n\t\t\t\t\t\t\t\t\t\t\t\t\t\t\t<img loading=\"lazy\" decoding=\"async\" width=\"1024\" height=\"533\" src=\"https:\/\/centremamgabon.org\/wp-content\/uploads\/2023\/06\/csm_bretagnecentre-rpam-espace-parents-enfants-shutterstock_266b48d15c-1024x533.jpeg\" class=\"attachment-large size-large wp-image-3580\" alt=\"\" srcset=\"https:\/\/centremamgabon.org\/wp-content\/uploads\/2023\/06\/csm_bretagnecentre-rpam-espace-parents-enfants-shutterstock_266b48d15c-1024x533.jpeg 1024w, https:\/\/centremamgabon.org\/wp-content\/uploads\/2023\/06\/csm_bretagnecentre-rpam-espace-parents-enfants-shutterstock_266b48d15c-300x156.jpeg 300w, https:\/\/centremamgabon.org\/wp-content\/uploads\/2023\/06\/csm_bretagnecentre-rpam-espace-parents-enfants-shutterstock_266b48d15c-768x400.jpeg 768w, https:\/\/centremamgabon.org\/wp-content\/uploads\/2023\/06\/csm_bretagnecentre-rpam-espace-parents-enfants-shutterstock_266b48d15c-1536x800.jpeg 1536w, https:\/\/centremamgabon.org\/wp-content\/uploads\/2023\/06\/csm_bretagnecentre-rpam-espace-parents-enfants-shutterstock_266b48d15c.jpeg 1920w\" sizes=\"(max-width: 1024px) 100vw, 1024px\" \/>\t\t\t\t\t\t\t\t\t\t\t\t\t\t\t<\/div>\n\t\t\t\t<\/div>\n\t\t\t\t\t<\/div>\n\t\t<\/div>\n\t\t\t\t<div class=\"elementor-column elementor-col-50 elementor-top-column elementor-element elementor-element-e8eddfd\" data-id=\"e8eddfd\" data-element_type=\"column\">\n\t\t\t<div class=\"elementor-widget-wrap elementor-element-populated\">\n\t\t\t\t\t\t\t\t<div class=\"elementor-element elementor-element-d45f431 elementor-widget elementor-widget-text-editor\" data-id=\"d45f431\" data-element_type=\"widget\" data-settings=\"{&quot;_animation&quot;:&quot;none&quot;,&quot;_animation_delay&quot;:1000}\" data-widget_type=\"text-editor.default\">\n\t\t\t\t<div class=\"elementor-widget-container\">\n\t\t\t<style>\/*! elementor - v3.13.3 - 28-05-2023 *\/\n.elementor-widget-text-editor.elementor-drop-cap-view-stacked .elementor-drop-cap{background-color:#69727d;color:#fff}.elementor-widget-text-editor.elementor-drop-cap-view-framed .elementor-drop-cap{color:#69727d;border:3px solid;background-color:transparent}.elementor-widget-text-editor:not(.elementor-drop-cap-view-default) .elementor-drop-cap{margin-top:8px}.elementor-widget-text-editor:not(.elementor-drop-cap-view-default) .elementor-drop-cap-letter{width:1em;height:1em}.elementor-widget-text-editor .elementor-drop-cap{float:left;text-align:center;line-height:1;font-size:50px}.elementor-widget-text-editor .elementor-drop-cap-letter{display:inline-block}<\/style>\t\t\t\t<p>Les parents sont souvent les premiers \u00e0 rep\u00e9rer les signes de d\u00e9veloppement \u00ab diff\u00e9rent \u00bb de leur enfant.<\/p><p>Les indices comme un retard de langage ou des comportements st\u00e9r\u00e9otyp\u00e9s peuvent faire penser \u00e0 l\u2019autisme. Pour en avoir le c\u0153ur net, des examens compl\u00e9mentaires seront utiles.<\/p><p>Voici les diff\u00e9rents examens que l&rsquo;on recommande\u00a0 en cas de doute sur l\u2019autisme d&rsquo;un enfant :\u00a0<\/p><ul><li>Une v\u00e9rification de la bonne audition de l\u2019enfant. Ceci pourra \u00eatre fait par un <strong><span style=\"color: #ff6600;\">m\u00e9decin sp\u00e9cialiste ORL. <\/span><\/strong><\/li><li>Une v\u00e9rification de la bonne vision de l\u2019enfant. Un <strong><span style=\"color: #ff6600;\">ophtalmologue<\/span><\/strong> ou un <strong><span style=\"color: #ff6600;\">orthoptiste<\/span><\/strong> pourra faire un examen pr\u00e9cis des capacit\u00e9s visuelles de l\u2019enfant.<\/li><li>Un <strong><span style=\"color: #ff6600;\">bilan orthophonique<\/span><\/strong> permettra d\u2019\u00e9valuer le niveau de langage oral et la communication de l\u2019enfant.\u00a0<\/li><\/ul><p>Si l\u2019enfant pr\u00e9sente des signes de difficult\u00e9s avec son corps : attraper un objet, se d\u00e9placer\u2026 il peut \u00eatre prescrit de consulter un <strong><span style=\"color: #ff6600;\">psychomotricien<\/span><\/strong> ou un <span style=\"color: #ff6600;\"><strong>ergoth\u00e9rapeute<\/strong> <\/span>qui fera un bilan du d\u00e9veloppement moteur.<\/p><p>Si l\u2019enfant pr\u00e9sente plus de deux de ces signes, il peut \u00eatre utile de consulter un sp\u00e9cialiste sans tarder.<\/p><p>Il est important que les parents assez <strong><span style=\"color: #ff6600;\">rapidement<\/span> <\/strong>d\u00e8s les premi\u00e8res suspicions de tendances autistiques.<\/p><p>En effet, un d\u00e9pistage pr\u00e9coce permet une <strong><span style=\"color: #ff6600;\">prise en charge<\/span><\/strong> et un meilleur accompagnement de l\u2019enfant. Si le diagnostic se confirme, le r\u00f4le de parents sera de soutenir et d\u2019encourager l&rsquo; enfant tout au long de son accompagnement.<\/p>\t\t\t\t\t\t<\/div>\n\t\t\t\t<\/div>\n\t\t\t\t\t<\/div>\n\t\t<\/div>\n\t\t\t\t\t\t\t<\/div>\n\t\t<\/section>\n\t\t\t\t\t\t\t<\/div>\n\t\t","protected":false},"excerpt":{"rendered":"<p>R\u00f4le des parents Les parents sont souvent les premiers \u00e0 rep\u00e9rer les signes de d\u00e9veloppement \u00ab diff\u00e9rent \u00bb de leur enfant. Les indices comme un retard de langage ou des comportements st\u00e9r\u00e9otyp\u00e9s peuvent faire penser \u00e0 l\u2019autisme. Pour en avoir le c\u0153ur net, des examens compl\u00e9mentaires seront utiles. Voici les diff\u00e9rents examens que l&rsquo;on recommande\u00a0 [&hellip;]<\/p>\n","protected":false},"author":1,"featured_media":0,"parent":0,"menu_order":0,"comment_status":"closed","ping_status":"closed","template":"","meta":{"footnotes":""},"yoast_head":"<!-- This site is optimized with the Yoast SEO plugin v20.7 - https:\/\/yoast.com\/wordpress\/plugins\/seo\/ -->\n<title>Que faire si mon enfant est concern\u00e9 ? - Centre de R\u00e9\u00e9ducation Mot \u00e0 Mot<\/title>\n<meta name=\"robots\" content=\"index, follow, max-snippet:-1, max-image-preview:large, max-video-preview:-1\" \/>\n<link rel=\"canonical\" href=\"https:\/\/centremamgabon.org\/?page_id=321\" \/>\n<meta property=\"og:locale\" content=\"fr_FR\" \/>\n<meta property=\"og:type\" content=\"article\" \/>\n<meta property=\"og:title\" content=\"Que faire si mon enfant est concern\u00e9 ? - Centre de R\u00e9\u00e9ducation Mot \u00e0 Mot\" \/>\n<meta property=\"og:description\" content=\"R\u00f4le des parents Les parents sont souvent les premiers \u00e0 rep\u00e9rer les signes de d\u00e9veloppement \u00ab diff\u00e9rent \u00bb de leur enfant. Les indices comme un retard de langage ou des comportements st\u00e9r\u00e9otyp\u00e9s peuvent faire penser \u00e0 l\u2019autisme. Pour en avoir le c\u0153ur net, des examens compl\u00e9mentaires seront utiles. Voici les diff\u00e9rents examens que l&rsquo;on recommande\u00a0 [&hellip;]\" \/>\n<meta property=\"og:url\" content=\"https:\/\/centremamgabon.org\/?page_id=321\" \/>\n<meta property=\"og:site_name\" content=\"Centre de R\u00e9\u00e9ducation Mot \u00e0 Mot\" \/>\n<meta property=\"article:modified_time\" content=\"2024-04-17T17:37:58+00:00\" \/>\n<meta property=\"og:image\" content=\"https:\/\/centremamgabon.org\/wp-content\/uploads\/2023\/05\/laep_entraide_protestante_p.jpeg\" \/>\n<meta name=\"twitter:card\" content=\"summary_large_image\" \/>\n<meta name=\"twitter:label1\" content=\"Dur\u00e9e de lecture estim\u00e9e\" \/>\n\t<meta name=\"twitter:data1\" content=\"2 minutes\" \/>\n<script type=\"application\/ld+json\" class=\"yoast-schema-graph\">{\"@context\":\"https:\/\/schema.org\",\"@graph\":[{\"@type\":\"WebPage\",\"@id\":\"https:\/\/centremamgabon.org\/?page_id=321\",\"url\":\"https:\/\/centremamgabon.org\/?page_id=321\",\"name\":\"Que faire si mon enfant est concern\u00e9 ? - Centre de R\u00e9\u00e9ducation Mot \u00e0 Mot\",\"isPartOf\":{\"@id\":\"https:\/\/centremamgabon.org\/#website\"},\"datePublished\":\"2023-05-14T15:14:55+00:00\",\"dateModified\":\"2024-04-17T17:37:58+00:00\",\"breadcrumb\":{\"@id\":\"https:\/\/centremamgabon.org\/?page_id=321#breadcrumb\"},\"inLanguage\":\"fr-FR\",\"potentialAction\":[{\"@type\":\"ReadAction\",\"target\":[\"https:\/\/centremamgabon.org\/?page_id=321\"]}]},{\"@type\":\"BreadcrumbList\",\"@id\":\"https:\/\/centremamgabon.org\/?page_id=321#breadcrumb\",\"itemListElement\":[{\"@type\":\"ListItem\",\"position\":1,\"name\":\"Accueil\",\"item\":\"https:\/\/centremamgabon.org\/\"},{\"@type\":\"ListItem\",\"position\":2,\"name\":\"Que faire si mon enfant est concern\u00e9 ?\"}]},{\"@type\":\"WebSite\",\"@id\":\"https:\/\/centremamgabon.org\/#website\",\"url\":\"https:\/\/centremamgabon.org\/\",\"name\":\"Centre de R\u00e9\u00e9ducation Mot \u00e0 Mot\",\"description\":\"Tous unis contre l&#039;handicap chez l&#039;enfant\",\"publisher\":{\"@id\":\"https:\/\/centremamgabon.org\/#organization\"},\"potentialAction\":[{\"@type\":\"SearchAction\",\"target\":{\"@type\":\"EntryPoint\",\"urlTemplate\":\"https:\/\/centremamgabon.org\/?s={search_term_string}\"},\"query-input\":\"required name=search_term_string\"}],\"inLanguage\":\"fr-FR\"},{\"@type\":\"Organization\",\"@id\":\"https:\/\/centremamgabon.org\/#organization\",\"name\":\"Centre de R\u00e9\u00e9ducation Mot \u00e0 Mot\",\"url\":\"https:\/\/centremamgabon.org\/\",\"logo\":{\"@type\":\"ImageObject\",\"inLanguage\":\"fr-FR\",\"@id\":\"https:\/\/centremamgabon.org\/#\/schema\/logo\/image\/\",\"url\":\"https:\/\/centremamgabon.org\/wp-content\/uploads\/2023\/05\/cropped-Logo-texte-Mot-a-Mot.png\",\"contentUrl\":\"https:\/\/centremamgabon.org\/wp-content\/uploads\/2023\/05\/cropped-Logo-texte-Mot-a-Mot.png\",\"width\":318,\"height\":102,\"caption\":\"Centre de R\u00e9\u00e9ducation Mot \u00e0 Mot\"},\"image\":{\"@id\":\"https:\/\/centremamgabon.org\/#\/schema\/logo\/image\/\"}}]}<\/script>\n<!-- \/ Yoast SEO plugin. -->","yoast_head_json":{"title":"Que faire si mon enfant est concern\u00e9 ? - Centre de R\u00e9\u00e9ducation Mot \u00e0 Mot","robots":{"index":"index","follow":"follow","max-snippet":"max-snippet:-1","max-image-preview":"max-image-preview:large","max-video-preview":"max-video-preview:-1"},"canonical":"https:\/\/centremamgabon.org\/?page_id=321","og_locale":"fr_FR","og_type":"article","og_title":"Que faire si mon enfant est concern\u00e9 ? - Centre de R\u00e9\u00e9ducation Mot \u00e0 Mot","og_description":"R\u00f4le des parents Les parents sont souvent les premiers \u00e0 rep\u00e9rer les signes de d\u00e9veloppement \u00ab diff\u00e9rent \u00bb de leur enfant. Les indices comme un retard de langage ou des comportements st\u00e9r\u00e9otyp\u00e9s peuvent faire penser \u00e0 l\u2019autisme. Pour en avoir le c\u0153ur net, des examens compl\u00e9mentaires seront utiles. Voici les diff\u00e9rents examens que l&rsquo;on recommande\u00a0 [&hellip;]","og_url":"https:\/\/centremamgabon.org\/?page_id=321","og_site_name":"Centre de R\u00e9\u00e9ducation Mot \u00e0 Mot","article_modified_time":"2024-04-17T17:37:58+00:00","og_image":[{"url":"https:\/\/centremamgabon.org\/wp-content\/uploads\/2023\/05\/laep_entraide_protestante_p.jpeg"}],"twitter_card":"summary_large_image","twitter_misc":{"Dur\u00e9e de lecture estim\u00e9e":"2 minutes"},"schema":{"@context":"https:\/\/schema.org","@graph":[{"@type":"WebPage","@id":"https:\/\/centremamgabon.org\/?page_id=321","url":"https:\/\/centremamgabon.org\/?page_id=321","name":"Que faire si mon enfant est concern\u00e9 ? - Centre de R\u00e9\u00e9ducation Mot \u00e0 Mot","isPartOf":{"@id":"https:\/\/centremamgabon.org\/#website"},"datePublished":"2023-05-14T15:14:55+00:00","dateModified":"2024-04-17T17:37:58+00:00","breadcrumb":{"@id":"https:\/\/centremamgabon.org\/?page_id=321#breadcrumb"},"inLanguage":"fr-FR","potentialAction":[{"@type":"ReadAction","target":["https:\/\/centremamgabon.org\/?page_id=321"]}]},{"@type":"BreadcrumbList","@id":"https:\/\/centremamgabon.org\/?page_id=321#breadcrumb","itemListElement":[{"@type":"ListItem","position":1,"name":"Accueil","item":"https:\/\/centremamgabon.org\/"},{"@type":"ListItem","position":2,"name":"Que faire si mon enfant est concern\u00e9 ?"}]},{"@type":"WebSite","@id":"https:\/\/centremamgabon.org\/#website","url":"https:\/\/centremamgabon.org\/","name":"Centre de R\u00e9\u00e9ducation Mot \u00e0 Mot","description":"Tous unis contre l&#039;handicap chez l&#039;enfant","publisher":{"@id":"https:\/\/centremamgabon.org\/#organization"},"potentialAction":[{"@type":"SearchAction","target":{"@type":"EntryPoint","urlTemplate":"https:\/\/centremamgabon.org\/?s={search_term_string}"},"query-input":"required name=search_term_string"}],"inLanguage":"fr-FR"},{"@type":"Organization","@id":"https:\/\/centremamgabon.org\/#organization","name":"Centre de R\u00e9\u00e9ducation Mot \u00e0 Mot","url":"https:\/\/centremamgabon.org\/","logo":{"@type":"ImageObject","inLanguage":"fr-FR","@id":"https:\/\/centremamgabon.org\/#\/schema\/logo\/image\/","url":"https:\/\/centremamgabon.org\/wp-content\/uploads\/2023\/05\/cropped-Logo-texte-Mot-a-Mot.png","contentUrl":"https:\/\/centremamgabon.org\/wp-content\/uploads\/2023\/05\/cropped-Logo-texte-Mot-a-Mot.png","width":318,"height":102,"caption":"Centre de R\u00e9\u00e9ducation Mot \u00e0 Mot"},"image":{"@id":"https:\/\/centremamgabon.org\/#\/schema\/logo\/image\/"}}]}},"_links":{"self":[{"href":"https:\/\/centremamgabon.org\/index.php?rest_route=\/wp\/v2\/pages\/321"}],"collection":[{"href":"https:\/\/centremamgabon.org\/index.php?rest_route=\/wp\/v2\/pages"}],"about":[{"href":"https:\/\/centremamgabon.org\/index.php?rest_route=\/wp\/v2\/types\/page"}],"author":[{"embeddable":true,"href":"https:\/\/centremamgabon.org\/index.php?rest_route=\/wp\/v2\/users\/1"}],"replies":[{"embeddable":true,"href":"https:\/\/centremamgabon.org\/index.php?rest_route=%2Fwp%2Fv2%2Fcomments&post=321"}],"version-history":[{"count":64,"href":"https:\/\/centremamgabon.org\/index.php?rest_route=\/wp\/v2\/pages\/321\/revisions"}],"predecessor-version":[{"id":5257,"href":"https:\/\/centremamgabon.org\/index.php?rest_route=\/wp\/v2\/pages\/321\/revisions\/5257"}],"wp:attachment":[{"href":"https:\/\/centremamgabon.org\/index.php?rest_route=%2Fwp%2Fv2%2Fmedia&parent=321"}],"curies":[{"name":"wp","href":"https:\/\/api.w.org\/{rel}","templated":true}]}}