{"id":19,"date":"2023-05-06T12:42:10","date_gmt":"2023-05-06T10:42:10","guid":{"rendered":"https:\/\/centremamgabon.org\/?page_id=19"},"modified":"2023-05-31T11:18:11","modified_gmt":"2023-05-31T09:18:11","slug":"nos-articles","status":"publish","type":"page","link":"https:\/\/centremamgabon.org\/?page_id=19","title":{"rendered":"Articles"},"content":{"rendered":"","protected":false},"excerpt":{"rendered":"","protected":false},"author":1,"featured_media":0,"parent":0,"menu_order":0,"comment_status":"closed","ping_status":"closed","template":"","meta":{"footnotes":""},"yoast_head":"<!-- This site is optimized with the Yoast SEO plugin v20.7 - https:\/\/yoast.com\/wordpress\/plugins\/seo\/ -->\n<title>Articles<\/title>\n<meta name=\"description\" content=\"Ev\u00e8nements et sorties \u00e0 Mot \u00e0 Mot\" \/>\n<meta name=\"robots\" content=\"index, follow, max-snippet:-1, max-image-preview:large, max-video-preview:-1\" \/>\n<link rel=\"canonical\" href=\"https:\/\/centremamgabon.org\/?page_id=19\" \/>\n<meta property=\"og:locale\" content=\"fr_FR\" \/>\n<meta property=\"og:type\" content=\"article\" \/>\n<meta property=\"og:title\" content=\"Articles\" \/>\n<meta property=\"og:description\" content=\"Ev\u00e8nements et sorties \u00e0 Mot \u00e0 Mot\" \/>\n<meta property=\"og:url\" content=\"https:\/\/centremamgabon.org\/?page_id=19\" \/>\n<meta property=\"og:site_name\" content=\"Centre de R\u00e9\u00e9ducation Mot \u00e0 Mot\" \/>\n<meta property=\"article:modified_time\" content=\"2023-05-31T09:18:11+00:00\" \/>\n<meta name=\"twitter:card\" content=\"summary_large_image\" \/>\n<script type=\"application\/ld+json\" class=\"yoast-schema-graph\">{\"@context\":\"https:\/\/schema.org\",\"@graph\":[{\"@type\":[\"WebPage\",\"CollectionPage\"],\"@id\":\"https:\/\/centremamgabon.org\/?page_id=19\",\"url\":\"https:\/\/centremamgabon.org\/?page_id=19\",\"name\":\"Articles\",\"isPartOf\":{\"@id\":\"https:\/\/centremamgabon.org\/#website\"},\"datePublished\":\"2023-05-06T10:42:10+00:00\",\"dateModified\":\"2023-05-31T09:18:11+00:00\",\"description\":\"Ev\u00e8nements et sorties \u00e0 Mot \u00e0 Mot\",\"breadcrumb\":{\"@id\":\"https:\/\/centremamgabon.org\/?page_id=19#breadcrumb\"},\"inLanguage\":\"fr-FR\"},{\"@type\":\"BreadcrumbList\",\"@id\":\"https:\/\/centremamgabon.org\/?page_id=19#breadcrumb\",\"itemListElement\":[{\"@type\":\"ListItem\",\"position\":1,\"name\":\"Accueil\",\"item\":\"https:\/\/centremamgabon.org\/\"},{\"@type\":\"ListItem\",\"position\":2,\"name\":\"Articles\"}]},{\"@type\":\"WebSite\",\"@id\":\"https:\/\/centremamgabon.org\/#website\",\"url\":\"https:\/\/centremamgabon.org\/\",\"name\":\"Centre de R\u00e9\u00e9ducation Mot \u00e0 Mot\",\"description\":\"Tous unis contre l&#039;handicap chez l&#039;enfant\",\"publisher\":{\"@id\":\"https:\/\/centremamgabon.org\/#organization\"},\"potentialAction\":[{\"@type\":\"SearchAction\",\"target\":{\"@type\":\"EntryPoint\",\"urlTemplate\":\"https:\/\/centremamgabon.org\/?s={search_term_string}\"},\"query-input\":\"required name=search_term_string\"}],\"inLanguage\":\"fr-FR\"},{\"@type\":\"Organization\",\"@id\":\"https:\/\/centremamgabon.org\/#organization\",\"name\":\"Centre de R\u00e9\u00e9ducation Mot \u00e0 Mot\",\"url\":\"https:\/\/centremamgabon.org\/\",\"logo\":{\"@type\":\"ImageObject\",\"inLanguage\":\"fr-FR\",\"@id\":\"https:\/\/centremamgabon.org\/#\/schema\/logo\/image\/\",\"url\":\"https:\/\/centremamgabon.org\/wp-content\/uploads\/2023\/05\/cropped-Logo-texte-Mot-a-Mot.png\",\"contentUrl\":\"https:\/\/centremamgabon.org\/wp-content\/uploads\/2023\/05\/cropped-Logo-texte-Mot-a-Mot.png\",\"width\":318,\"height\":102,\"caption\":\"Centre de R\u00e9\u00e9ducation Mot \u00e0 Mot\"},\"image\":{\"@id\":\"https:\/\/centremamgabon.org\/#\/schema\/logo\/image\/\"}}]}<\/script>\n<!-- \/ Yoast SEO plugin. -->","yoast_head_json":{"title":"Articles","description":"Ev\u00e8nements et sorties \u00e0 Mot \u00e0 Mot","robots":{"index":"index","follow":"follow","max-snippet":"max-snippet:-1","max-image-preview":"max-image-preview:large","max-video-preview":"max-video-preview:-1"},"canonical":"https:\/\/centremamgabon.org\/?page_id=19","og_locale":"fr_FR","og_type":"article","og_title":"Articles","og_description":"Ev\u00e8nements et sorties \u00e0 Mot \u00e0 Mot","og_url":"https:\/\/centremamgabon.org\/?page_id=19","og_site_name":"Centre de R\u00e9\u00e9ducation Mot \u00e0 Mot","article_modified_time":"2023-05-31T09:18:11+00:00","twitter_card":"summary_large_image","schema":{"@context":"https:\/\/schema.org","@graph":[{"@type":["WebPage","CollectionPage"],"@id":"https:\/\/centremamgabon.org\/?page_id=19","url":"https:\/\/centremamgabon.org\/?page_id=19","name":"Articles","isPartOf":{"@id":"https:\/\/centremamgabon.org\/#website"},"datePublished":"2023-05-06T10:42:10+00:00","dateModified":"2023-05-31T09:18:11+00:00","description":"Ev\u00e8nements et sorties \u00e0 Mot \u00e0 Mot","breadcrumb":{"@id":"https:\/\/centremamgabon.org\/?page_id=19#breadcrumb"},"inLanguage":"fr-FR"},{"@type":"BreadcrumbList","@id":"https:\/\/centremamgabon.org\/?page_id=19#breadcrumb","itemListElement":[{"@type":"ListItem","position":1,"name":"Accueil","item":"https:\/\/centremamgabon.org\/"},{"@type":"ListItem","position":2,"name":"Articles"}]},{"@type":"WebSite","@id":"https:\/\/centremamgabon.org\/#website","url":"https:\/\/centremamgabon.org\/","name":"Centre de R\u00e9\u00e9ducation Mot \u00e0 Mot","description":"Tous unis contre l&#039;handicap chez l&#039;enfant","publisher":{"@id":"https:\/\/centremamgabon.org\/#organization"},"potentialAction":[{"@type":"SearchAction","target":{"@type":"EntryPoint","urlTemplate":"https:\/\/centremamgabon.org\/?s={search_term_string}"},"query-input":"required name=search_term_string"}],"inLanguage":"fr-FR"},{"@type":"Organization","@id":"https:\/\/centremamgabon.org\/#organization","name":"Centre de R\u00e9\u00e9ducation Mot \u00e0 Mot","url":"https:\/\/centremamgabon.org\/","logo":{"@type":"ImageObject","inLanguage":"fr-FR","@id":"https:\/\/centremamgabon.org\/#\/schema\/logo\/image\/","url":"https:\/\/centremamgabon.org\/wp-content\/uploads\/2023\/05\/cropped-Logo-texte-Mot-a-Mot.png","contentUrl":"https:\/\/centremamgabon.org\/wp-content\/uploads\/2023\/05\/cropped-Logo-texte-Mot-a-Mot.png","width":318,"height":102,"caption":"Centre de R\u00e9\u00e9ducation Mot \u00e0 Mot"},"image":{"@id":"https:\/\/centremamgabon.org\/#\/schema\/logo\/image\/"}}]}},"_links":{"self":[{"href":"https:\/\/centremamgabon.org\/index.php?rest_route=\/wp\/v2\/pages\/19"}],"collection":[{"href":"https:\/\/centremamgabon.org\/index.php?rest_route=\/wp\/v2\/pages"}],"about":[{"href":"https:\/\/centremamgabon.org\/index.php?rest_route=\/wp\/v2\/types\/page"}],"author":[{"embeddable":true,"href":"https:\/\/centremamgabon.org\/index.php?rest_route=\/wp\/v2\/users\/1"}],"replies":[{"embeddable":true,"href":"https:\/\/centremamgabon.org\/index.php?rest_route=%2Fwp%2Fv2%2Fcomments&post=19"}],"version-history":[{"count":2,"href":"https:\/\/centremamgabon.org\/index.php?rest_route=\/wp\/v2\/pages\/19\/revisions"}],"predecessor-version":[{"id":337,"href":"https:\/\/centremamgabon.org\/index.php?rest_route=\/wp\/v2\/pages\/19\/revisions\/337"}],"wp:attachment":[{"href":"https:\/\/centremamgabon.org\/index.php?rest_route=%2Fwp%2Fv2%2Fmedia&parent=19"}],"curies":[{"name":"wp","href":"https:\/\/api.w.org\/{rel}","templated":true}]}}